{"id":5447,"date":"2023-10-24T15:25:25","date_gmt":"2023-10-24T13:25:25","guid":{"rendered":"https:\/\/dice.masterdesign.se\/moderaterna\/?post_type=product&#038;p=5447"},"modified":"2023-10-25T08:03:11","modified_gmt":"2023-10-25T06:03:11","slug":"t-shirt-ulf-marin-unisex","status":"publish","type":"product","link":"https:\/\/dice.masterdesign.se\/moderaterna\/produkt\/t-shirt-ulf-marin-unisex\/","title":{"rendered":"T-shirt Ulf Bl\u00e5 Unisex"},"content":{"rendered":"","protected":false},"excerpt":{"rendered":"<p>Inf\u00e4lld \u00e4rm 1\u00d71 mudd vid halskragen Insida bakre nackband i samma tyg \u00c4rmavslut och nederkant med bred dubbeln\u00e5lstopps\u00f6m<\/p>\n<p>&nbsp;<\/p>\n<p>Material: 100% Bomull \u2013 Ekologisk ringspunnen, kammad, 180g \/M\u00b2<\/p>\n<p><a href=\"https:\/\/dice.masterdesign.se\/moderaterna\/wp-content\/uploads\/sites\/123\/2023\/10\/Storleksfordelning.pdf\">Storleksguide<\/a><\/p>\n","protected":false},"featured_media":5645,"template":"","meta":[],"product_brand":[],"product_cat":[38],"product_tag":[],"class_list":{"0":"post-5447","1":"product","2":"type-product","3":"status-publish","4":"has-post-thumbnail","6":"product_cat-klader","8":"first","9":"outofstock","10":"taxable","11":"shipping-taxable","12":"purchasable","13":"product-type-variable"},"_links":{"self":[{"href":"https:\/\/dice.masterdesign.se\/moderaterna\/wp-json\/wp\/v2\/product\/5447","targetHints":{"allow":["GET"]}}],"collection":[{"href":"https:\/\/dice.masterdesign.se\/moderaterna\/wp-json\/wp\/v2\/product"}],"about":[{"href":"https:\/\/dice.masterdesign.se\/moderaterna\/wp-json\/wp\/v2\/types\/product"}],"wp:featuredmedia":[{"embeddable":true,"href":"https:\/\/dice.masterdesign.se\/moderaterna\/wp-json\/wp\/v2\/media\/5645"}],"wp:attachment":[{"href":"https:\/\/dice.masterdesign.se\/moderaterna\/wp-json\/wp\/v2\/media?parent=5447"}],"wp:term":[{"taxonomy":"product_brand","embeddable":true,"href":"https:\/\/dice.masterdesign.se\/moderaterna\/wp-json\/wp\/v2\/product_brand?post=5447"},{"taxonomy":"product_cat","embeddable":true,"href":"https:\/\/dice.masterdesign.se\/moderaterna\/wp-json\/wp\/v2\/product_cat?post=5447"},{"taxonomy":"product_tag","embeddable":true,"href":"https:\/\/dice.masterdesign.se\/moderaterna\/wp-json\/wp\/v2\/product_tag?post=5447"}],"curies":[{"name":"wp","href":"https:\/\/api.w.org\/{rel}","templated":true}]}}