{"id":4089,"date":"2025-06-26T07:21:09","date_gmt":"2025-06-26T05:21:09","guid":{"rendered":"https:\/\/dice.masterdesign.se\/oppnamoderater\/?post_type=product&#038;p=4089"},"modified":"2026-04-24T16:18:45","modified_gmt":"2026-04-24T14:18:45","slug":"fan-paypay-vit-manuell-flakt","status":"publish","type":"product","link":"https:\/\/dice.masterdesign.se\/oppnamoderater\/produkt\/fan-paypay-vit-manuell-flakt\/","title":{"rendered":"FAN PAYPAY Vit &#8211; manuell fl\u00e4kt"},"content":{"rendered":"","protected":false},"excerpt":{"rendered":"<p>Enklare variant av solfj\u00e4der. Manuell fl\u00e4kt med formstabil yta. Likt en solfj\u00e4der viftar du p\u00e5 den f\u00f6r att s\u00e4tta luften i r\u00f6relse och d\u00e4rmed svalka dig.<\/p>\n","protected":false},"featured_media":4100,"template":"","meta":[],"product_brand":[],"product_cat":[32],"product_tag":[],"class_list":{"0":"post-4089","1":"product","2":"type-product","3":"status-publish","4":"has-post-thumbnail","6":"product_cat-giveaways","8":"first","9":"instock","10":"taxable","11":"shipping-taxable","12":"purchasable","13":"product-type-simple"},"_links":{"self":[{"href":"https:\/\/dice.masterdesign.se\/oppnamoderater\/wp-json\/wp\/v2\/product\/4089","targetHints":{"allow":["GET"]}}],"collection":[{"href":"https:\/\/dice.masterdesign.se\/oppnamoderater\/wp-json\/wp\/v2\/product"}],"about":[{"href":"https:\/\/dice.masterdesign.se\/oppnamoderater\/wp-json\/wp\/v2\/types\/product"}],"wp:featuredmedia":[{"embeddable":true,"href":"https:\/\/dice.masterdesign.se\/oppnamoderater\/wp-json\/wp\/v2\/media\/4100"}],"wp:attachment":[{"href":"https:\/\/dice.masterdesign.se\/oppnamoderater\/wp-json\/wp\/v2\/media?parent=4089"}],"wp:term":[{"taxonomy":"product_brand","embeddable":true,"href":"https:\/\/dice.masterdesign.se\/oppnamoderater\/wp-json\/wp\/v2\/product_brand?post=4089"},{"taxonomy":"product_cat","embeddable":true,"href":"https:\/\/dice.masterdesign.se\/oppnamoderater\/wp-json\/wp\/v2\/product_cat?post=4089"},{"taxonomy":"product_tag","embeddable":true,"href":"https:\/\/dice.masterdesign.se\/oppnamoderater\/wp-json\/wp\/v2\/product_tag?post=4089"}],"curies":[{"name":"wp","href":"https:\/\/api.w.org\/{rel}","templated":true}]}}