{"id":30941,"date":"2025-07-02T14:01:33","date_gmt":"2025-07-02T12:01:33","guid":{"rendered":"https:\/\/dice.masterdesign.se\/rn8jbwsqdbm\/?post_type=product&#038;p=30941"},"modified":"2025-08-19T14:53:28","modified_gmt":"2025-08-19T12:53:28","slug":"rollup-moderatkvinnorna","status":"publish","type":"product","link":"https:\/\/dice.masterdesign.se\/rn8jbwsqdbm\/produkt\/rollup-moderatkvinnorna\/","title":{"rendered":"Rollup Moderatkvinnorna"},"content":{"rendered":"","protected":false},"excerpt":{"rendered":"<p>Ett komplett paket inneh\u00e5llande Roll up, kassett, teleskoppinne, kl\u00e4mprofil och v\u00e4ska av slitstark nylon.\u00a0 Roll up\u00a0 85 cm bred. H\u00f6jd 200 cm. V\u00e4ger strax under 3 kg totalt.<\/p>\n","protected":false},"featured_media":30942,"template":"","meta":[],"product_brand":[],"product_cat":[132,39],"product_tag":[41],"class_list":{"0":"post-30941","1":"product","2":"type-product","3":"status-publish","4":"has-post-thumbnail","6":"product_cat-mq","7":"product_cat-ondemand","8":"product_tag-ondemand","9":"product_cat-on-demand","11":"first","12":"instock","13":"taxable","14":"shipping-taxable","15":"purchasable","16":"product-type-simple"},"_links":{"self":[{"href":"https:\/\/dice.masterdesign.se\/rn8jbwsqdbm\/wp-json\/wp\/v2\/product\/30941","targetHints":{"allow":["GET"]}}],"collection":[{"href":"https:\/\/dice.masterdesign.se\/rn8jbwsqdbm\/wp-json\/wp\/v2\/product"}],"about":[{"href":"https:\/\/dice.masterdesign.se\/rn8jbwsqdbm\/wp-json\/wp\/v2\/types\/product"}],"wp:featuredmedia":[{"embeddable":true,"href":"https:\/\/dice.masterdesign.se\/rn8jbwsqdbm\/wp-json\/wp\/v2\/media\/30942"}],"wp:attachment":[{"href":"https:\/\/dice.masterdesign.se\/rn8jbwsqdbm\/wp-json\/wp\/v2\/media?parent=30941"}],"wp:term":[{"taxonomy":"product_brand","embeddable":true,"href":"https:\/\/dice.masterdesign.se\/rn8jbwsqdbm\/wp-json\/wp\/v2\/product_brand?post=30941"},{"taxonomy":"product_cat","embeddable":true,"href":"https:\/\/dice.masterdesign.se\/rn8jbwsqdbm\/wp-json\/wp\/v2\/product_cat?post=30941"},{"taxonomy":"product_tag","embeddable":true,"href":"https:\/\/dice.masterdesign.se\/rn8jbwsqdbm\/wp-json\/wp\/v2\/product_tag?post=30941"}],"curies":[{"name":"wp","href":"https:\/\/api.w.org\/{rel}","templated":true}]}}