{"id":9733,"date":"2021-10-15T16:01:44","date_gmt":"2021-10-15T14:01:44","guid":{"rendered":"https:\/\/dice.masterdesign.se\/rn8jbwsqdbm\/?post_type=product&#038;p=9733"},"modified":"2026-02-17T09:06:46","modified_gmt":"2026-02-17T08:06:46","slug":"beachflagga-ljusbla-komplett-paket","status":"publish","type":"product","link":"https:\/\/dice.masterdesign.se\/rn8jbwsqdbm\/produkt\/beachflagga-ljusbla-komplett-paket\/","title":{"rendered":"Beachflagga (ljusbl\u00e5), komplett paket"},"content":{"rendered":"","protected":false},"excerpt":{"rendered":"<p>Small: 2,2 meter:\u00a0 1 395 kr<br \/>\nMedium: 3,1 meter: 1 679 kr<br \/>\nLarge: 3,9 meter: 2 180 kr<\/p>\n<p>Storlek flagga S: 65&#215;180 cm<br \/>\nStorlek flagga M: 79&#215;235 cm<br \/>\nStorlek flagga L: 81&#215;360 cm<\/p>\n<p>Komplett paket inklusive flagga, teleskopr\u00f6r, kryssfot och transportv\u00e4ska.\u00a0Klassisk beachflagga med genombl\u00f6dande tryck \u00f6ver hela ytan. Alla f\u00f6tter har en kullagerrotor vilket f\u00f6rl\u00e4nger livsl\u00e4ngden och ger en b\u00e4ttre fl\u00f6jeleffekt.<\/p>\n<p><span style=\"color: #000000;\"><strong>Leveranstid: ca. 3 veckor.<\/strong><\/span><br \/>\nDetta \u00e4r en artikel som inte \u00e4r lagerf\u00f6rd utan tillverkas on demand och kan tyv\u00e4rr inte returneras. Den g\u00e5r att best\u00e4lla \u00e4ven fast det st\u00e5r slut i lager.<\/p>\n","protected":false},"featured_media":9745,"template":"","meta":[],"product_brand":[],"product_cat":[39],"product_tag":[41],"class_list":{"0":"post-9733","1":"product","2":"type-product","3":"status-publish","4":"has-post-thumbnail","6":"product_cat-ondemand","7":"product_tag-ondemand","8":"product_shipping_class-on-demand","9":"product_cat-on-demand","11":"first","12":"instock","13":"taxable","14":"shipping-taxable","15":"purchasable","16":"product-type-variable"},"_links":{"self":[{"href":"https:\/\/dice.masterdesign.se\/rn8jbwsqdbm\/wp-json\/wp\/v2\/product\/9733","targetHints":{"allow":["GET"]}}],"collection":[{"href":"https:\/\/dice.masterdesign.se\/rn8jbwsqdbm\/wp-json\/wp\/v2\/product"}],"about":[{"href":"https:\/\/dice.masterdesign.se\/rn8jbwsqdbm\/wp-json\/wp\/v2\/types\/product"}],"wp:featuredmedia":[{"embeddable":true,"href":"https:\/\/dice.masterdesign.se\/rn8jbwsqdbm\/wp-json\/wp\/v2\/media\/9745"}],"wp:attachment":[{"href":"https:\/\/dice.masterdesign.se\/rn8jbwsqdbm\/wp-json\/wp\/v2\/media?parent=9733"}],"wp:term":[{"taxonomy":"product_brand","embeddable":true,"href":"https:\/\/dice.masterdesign.se\/rn8jbwsqdbm\/wp-json\/wp\/v2\/product_brand?post=9733"},{"taxonomy":"product_cat","embeddable":true,"href":"https:\/\/dice.masterdesign.se\/rn8jbwsqdbm\/wp-json\/wp\/v2\/product_cat?post=9733"},{"taxonomy":"product_tag","embeddable":true,"href":"https:\/\/dice.masterdesign.se\/rn8jbwsqdbm\/wp-json\/wp\/v2\/product_tag?post=9733"}],"curies":[{"name":"wp","href":"https:\/\/api.w.org\/{rel}","templated":true}]}}