{"id":27351,"date":"2025-09-26T16:51:21","date_gmt":"2025-09-26T14:51:21","guid":{"rendered":"https:\/\/dice.masterdesign.se\/sverigesingenjorer\/?page_id=27351"},"modified":"2025-11-14T13:33:29","modified_gmt":"2025-11-14T12:33:29","slug":"landning","status":"publish","type":"page","link":"https:\/\/dice.masterdesign.se\/sverigesingenjorer\/landning\/","title":{"rendered":"Landning"},"content":{"rendered":"<figure class=\"wp-block-image size-full si-landing-hero\">\n  <img decoding=\"async\" src=\"https:\/\/dice.masterdesign.se\/sverigesingenjorer\/wp-content\/uploads\/sites\/121\/2025\/11\/SI-banner2.jpg\" \/><br \/>\n<\/figure>\n\n\n<p>&nbsp;<\/p>\n\n\n\n<div style=\"height:0px\" aria-hidden=\"true\" class=\"wp-block-spacer\"><\/div>\n\n\n\n<div class=\"wp-block-columns is-layout-flex wp-container-core-columns-is-layout-9d6595d7 wp-block-columns-is-layout-flex\">\n<div class=\"wp-block-column is-layout-flow wp-block-column-is-layout-flow\" style=\"flex-basis:10%\"><\/div>\n\n\n\n<div class=\"wp-block-column is-layout-flow wp-block-column-is-layout-flow\" style=\"flex-basis:80%\">\n<h1 class=\"wp-block-heading prelogin-info\">Sveriges Ingenj\u00f6rers webbshop<\/h1>\n\n\n\n<h3 class=\"wp-block-heading prelogin-info\">P\u00e5 den h\u00e4r sidan hittar du produkter som hj\u00e4lper dig kommunicera.<\/h3>\n\n\n\n<div style=\"height:20px\" aria-hidden=\"true\" class=\"wp-block-spacer\"><\/div>\n\n\n\n<p class=\"prelogin-info\">\u00d6nskar du inloggning f\u00f6r att best\u00e4lla profilprodukter eller har fr\u00e5gor om webbshopen, skicka ett mejl till <a href=\"mailto:kommunikation@sverigesingenjorer.se\">kommunikation@sverigesingenjorer.se<\/a><\/p>\n\n\n\n<div class=\"woocommerce\"><\/div>\n<\/div>\n\n\n\n<div class=\"wp-block-column is-layout-flow wp-block-column-is-layout-flow\" style=\"flex-basis:10%\"><\/div>\n<\/div>\n\n\n\n<p><\/p>\n","protected":false},"excerpt":{"rendered":"<p>&nbsp; Sveriges Ingenj\u00f6rers webbshop P\u00e5 den h\u00e4r sidan hittar du produkter som hj\u00e4lper dig kommunicera. \u00d6nskar du inloggning f\u00f6r att best\u00e4lla profilprodukter eller har fr\u00e5gor om webbshopen, skicka ett mejl till kommunikation@sverigesingenjorer.se<\/p>\n","protected":false},"author":13573,"featured_media":0,"parent":0,"menu_order":0,"comment_status":"closed","ping_status":"closed","template":"page-full.php","meta":{"footnotes":""},"class_list":["post-27351","page","type-page","status-publish","hentry"],"_links":{"self":[{"href":"https:\/\/dice.masterdesign.se\/sverigesingenjorer\/wp-json\/wp\/v2\/pages\/27351","targetHints":{"allow":["GET"]}}],"collection":[{"href":"https:\/\/dice.masterdesign.se\/sverigesingenjorer\/wp-json\/wp\/v2\/pages"}],"about":[{"href":"https:\/\/dice.masterdesign.se\/sverigesingenjorer\/wp-json\/wp\/v2\/types\/page"}],"author":[{"embeddable":true,"href":"https:\/\/dice.masterdesign.se\/sverigesingenjorer\/wp-json\/wp\/v2\/users\/13573"}],"replies":[{"embeddable":true,"href":"https:\/\/dice.masterdesign.se\/sverigesingenjorer\/wp-json\/wp\/v2\/comments?post=27351"}],"version-history":[{"count":15,"href":"https:\/\/dice.masterdesign.se\/sverigesingenjorer\/wp-json\/wp\/v2\/pages\/27351\/revisions"}],"predecessor-version":[{"id":28437,"href":"https:\/\/dice.masterdesign.se\/sverigesingenjorer\/wp-json\/wp\/v2\/pages\/27351\/revisions\/28437"}],"wp:attachment":[{"href":"https:\/\/dice.masterdesign.se\/sverigesingenjorer\/wp-json\/wp\/v2\/media?parent=27351"}],"curies":[{"name":"wp","href":"https:\/\/api.w.org\/{rel}","templated":true}]}}