{"id":19,"date":"2017-10-05T08:35:25","date_gmt":"2017-10-05T06:35:25","guid":{"rendered":"https:\/\/dice.masterdesign.se\/standard\/?page_id=19"},"modified":"2024-02-02T09:31:17","modified_gmt":"2024-02-02T08:31:17","slug":"kontakt","status":"publish","type":"page","link":"https:\/\/dice.masterdesign.se\/unionen\/kontakt\/","title":{"rendered":"Kontakt"},"content":{"rendered":"<div class=\"wpb-content-wrapper\"><p>[vc_row][vc_column width=&#8221;1\/6&#8243;][\/vc_column][vc_column width=&#8221;2\/3&#8243;][vc_empty_space height=&#8221;20px&#8221;][vc_column_text]<\/p>\n<h1><i class=\"fa fa-paper-plane\" aria-hidden=\"true\"><\/i> Kontakt<\/h1>\n<p>V\u00e4lkommen att h\u00f6ra av dig till oss p\u00e5 Master Design.<br \/>\nVi hj\u00e4lper dig med fr\u00e5gor och \u00e4renden. T\u00e4nk p\u00e5 att ta med viktiga detaljer n\u00e4r du mailar oss om en order. Om du ringer \u00e4r det ocks\u00e5 bra att ha all relevant information till hands. D\u00e5 blir det enklare f\u00f6r oss att hj\u00e4lpa dig.<\/p>\n<p><strong>Kundtj\u00e4nst | 08-744 13 30<\/strong>\u00a0|\u00a0<a href=\"mailto:dice@masterdesign.se\">dice@masterdesign.se<\/a>[\/vc_column_text][\/vc_column][vc_column width=&#8221;1\/6&#8243;][\/vc_column][\/vc_row]<\/p>\n<\/div>","protected":false},"excerpt":{"rendered":"<p>[vc_row][vc_column width=&#8221;1\/6&#8243;][\/vc_column][vc_column width=&#8221;2\/3&#8243;][vc_empty_space height=&#8221;20px&#8221;][vc_column_text] Kontakt V\u00e4lkommen att h\u00f6ra av dig till oss p\u00e5 Master Design. Vi hj\u00e4lper dig med fr\u00e5gor och \u00e4renden. T\u00e4nk p\u00e5 att ta med viktiga detaljer n\u00e4r du mailar oss om en order. Om du ringer \u00e4r det ocks\u00e5 bra att ha all relevant information till hands. D\u00e5 blir det enklare f\u00f6r &hellip;<\/p>\n","protected":false},"author":1,"featured_media":0,"parent":0,"menu_order":0,"comment_status":"closed","ping_status":"closed","template":"","meta":{"footnotes":""},"class_list":["post-19","page","type-page","status-publish","hentry"],"_links":{"self":[{"href":"https:\/\/dice.masterdesign.se\/unionen\/wp-json\/wp\/v2\/pages\/19","targetHints":{"allow":["GET"]}}],"collection":[{"href":"https:\/\/dice.masterdesign.se\/unionen\/wp-json\/wp\/v2\/pages"}],"about":[{"href":"https:\/\/dice.masterdesign.se\/unionen\/wp-json\/wp\/v2\/types\/page"}],"author":[{"embeddable":true,"href":"https:\/\/dice.masterdesign.se\/unionen\/wp-json\/wp\/v2\/users\/1"}],"replies":[{"embeddable":true,"href":"https:\/\/dice.masterdesign.se\/unionen\/wp-json\/wp\/v2\/comments?post=19"}],"version-history":[{"count":5,"href":"https:\/\/dice.masterdesign.se\/unionen\/wp-json\/wp\/v2\/pages\/19\/revisions"}],"predecessor-version":[{"id":813,"href":"https:\/\/dice.masterdesign.se\/unionen\/wp-json\/wp\/v2\/pages\/19\/revisions\/813"}],"wp:attachment":[{"href":"https:\/\/dice.masterdesign.se\/unionen\/wp-json\/wp\/v2\/media?parent=19"}],"curies":[{"name":"wp","href":"https:\/\/api.w.org\/{rel}","templated":true}]}}