{"id":6648,"date":"2025-03-03T16:32:16","date_gmt":"2025-03-03T15:32:16","guid":{"rendered":"https:\/\/dice.masterdesign.se\/unionen\/?page_id=6648"},"modified":"2025-03-04T08:37:29","modified_gmt":"2025-03-04T07:37:29","slug":"hitta","status":"publish","type":"page","link":"https:\/\/dice.masterdesign.se\/unionen\/hitta\/","title":{"rendered":"Hitta"},"content":{"rendered":"\r\n<h2 style=\"margin-top:20px;\">Saknar du n\u00e5got eller vill du best\u00e4lla en st\u00f6rre kvantitet?<\/h2>\r\n\r\n\r\n\r\n<p>Vill du f\u00e5 hj\u00e4lp att best\u00e4lla andra profilprodukter \u00e4n de som finns i shoppen kan vi p\u00e5 Master Design hj\u00e4lpa dig med Unionens grafiska uttryck p\u00e5 dina produkter.<\/p>\r\n\r\n\r\n\r\n<p>Vill du best\u00e4lla ett st\u00f6rre antal av befintliga profilprodukter kan du kontakta oss p\u00e5 Master Design s\u00e5 hj\u00e4lper vi dig. Kontakta oss p\u00e5 <a href=\"mailto:unionen@masterdesign.se\">unionen@masterdesign.se<\/a><\/p>\r\n","protected":false},"excerpt":{"rendered":"<p>Saknar du n\u00e5got eller vill du best\u00e4lla en st\u00f6rre kvantitet? Vill du f\u00e5 hj\u00e4lp att best\u00e4lla andra profilprodukter \u00e4n de som finns i shoppen kan vi p\u00e5 Master Design hj\u00e4lpa dig med Unionens grafiska uttryck p\u00e5 dina produkter. Vill du best\u00e4lla ett st\u00f6rre antal av befintliga profilprodukter kan du kontakta oss p\u00e5 Master Design s\u00e5 &hellip;<\/p>\n","protected":false},"author":13573,"featured_media":0,"parent":0,"menu_order":0,"comment_status":"closed","ping_status":"closed","template":"","meta":{"footnotes":""},"class_list":["post-6648","page","type-page","status-publish","hentry"],"_links":{"self":[{"href":"https:\/\/dice.masterdesign.se\/unionen\/wp-json\/wp\/v2\/pages\/6648","targetHints":{"allow":["GET"]}}],"collection":[{"href":"https:\/\/dice.masterdesign.se\/unionen\/wp-json\/wp\/v2\/pages"}],"about":[{"href":"https:\/\/dice.masterdesign.se\/unionen\/wp-json\/wp\/v2\/types\/page"}],"author":[{"embeddable":true,"href":"https:\/\/dice.masterdesign.se\/unionen\/wp-json\/wp\/v2\/users\/13573"}],"replies":[{"embeddable":true,"href":"https:\/\/dice.masterdesign.se\/unionen\/wp-json\/wp\/v2\/comments?post=6648"}],"version-history":[{"count":2,"href":"https:\/\/dice.masterdesign.se\/unionen\/wp-json\/wp\/v2\/pages\/6648\/revisions"}],"predecessor-version":[{"id":6660,"href":"https:\/\/dice.masterdesign.se\/unionen\/wp-json\/wp\/v2\/pages\/6648\/revisions\/6660"}],"wp:attachment":[{"href":"https:\/\/dice.masterdesign.se\/unionen\/wp-json\/wp\/v2\/media?parent=6648"}],"curies":[{"name":"wp","href":"https:\/\/api.w.org\/{rel}","templated":true}]}}