{"id":861,"date":"2024-03-06T16:14:52","date_gmt":"2024-03-06T15:14:52","guid":{"rendered":"https:\/\/dice.masterdesign.se\/unionen\/?page_id=861"},"modified":"2026-02-25T11:53:35","modified_gmt":"2026-02-25T10:53:35","slug":"welcome","status":"publish","type":"page","link":"https:\/\/dice.masterdesign.se\/unionen\/portal\/welcome\/","title":{"rendered":"Unionens profilshop"},"content":{"rendered":"<div class=\"wpb-content-wrapper\"><p>[vc_row type=&#8221;full-nopad&#8221; content_placement=&#8221;top&#8221;][vc_column][vc_column_text]<\/p>\n<div>\n<div style=\"width: 100%; height: 100%; margin: 0;\"><img decoding=\"async\" src=\"https:\/\/dice.masterdesign.se\/unionen\/wp-content\/uploads\/sites\/254\/2024\/10\/Welcome-Unionen4.jpg\" \/><\/div>\n<div style=\"margin-top: 40px; padding-left: 10%;\">\n<h2 style=\"color: #1d891f;\">V\u00e4lkommen till Unionens profilshop!<\/h2>\n<p>F\u00f6r komma till shoppen och best\u00e4lla produkter beh\u00f6ver du logga in, som f\u00f6rtroendevald eller anst\u00e4lld inom Unionen.<br \/>\nIngen inloggning? <button class=\"button2\" type=\"button\"><a href=\"https:\/\/dice.masterdesign.se\/unionen\/mina-sidor\/\">Skapa ett konto<\/a><\/button>\u00a0 p\u00e5 login-sidan.<\/p>\n<p>\u00c4r du redan inloggad kan du se shoppen <button class=\"button2\" type=\"button\"><a href=\"https:\/\/dice.masterdesign.se\/unionen\/\">h\u00e4r<\/a><\/button><\/p>\n<p><button class=\"button2\" type=\"button\"><a href=\"https:\/\/dice.masterdesign.se\/unionen\/mina-sidor\/\">Logga in<\/a><\/button><\/p>\n<\/div>\n<\/div>\n<p>[\/vc_column_text][\/vc_column][\/vc_row][vc_row][vc_column][vc_column_text]<\/p>\n<p>[\/vc_column_text][\/vc_column][\/vc_row]<\/p>\n<\/div>","protected":false},"excerpt":{"rendered":"<p>[vc_row type=&#8221;full-nopad&#8221; content_placement=&#8221;top&#8221;][vc_column][vc_column_text] V\u00e4lkommen till Unionens profilshop! F\u00f6r komma till shoppen och best\u00e4lla produkter beh\u00f6ver du logga in, som f\u00f6rtroendevald eller anst\u00e4lld inom Unionen. Ingen inloggning? Skapa ett konto\u00a0 p\u00e5 login-sidan. \u00c4r du redan inloggad kan du se shoppen h\u00e4r Logga in [\/vc_column_text][\/vc_column][\/vc_row][vc_row][vc_column][vc_column_text] [\/vc_column_text][\/vc_column][\/vc_row]<\/p>\n","protected":false},"author":13573,"featured_media":1877,"parent":4,"menu_order":0,"comment_status":"closed","ping_status":"closed","template":"page-full.php","meta":{"footnotes":""},"class_list":["post-861","page","type-page","status-publish","has-post-thumbnail","hentry"],"_links":{"self":[{"href":"https:\/\/dice.masterdesign.se\/unionen\/wp-json\/wp\/v2\/pages\/861","targetHints":{"allow":["GET"]}}],"collection":[{"href":"https:\/\/dice.masterdesign.se\/unionen\/wp-json\/wp\/v2\/pages"}],"about":[{"href":"https:\/\/dice.masterdesign.se\/unionen\/wp-json\/wp\/v2\/types\/page"}],"author":[{"embeddable":true,"href":"https:\/\/dice.masterdesign.se\/unionen\/wp-json\/wp\/v2\/users\/13573"}],"replies":[{"embeddable":true,"href":"https:\/\/dice.masterdesign.se\/unionen\/wp-json\/wp\/v2\/comments?post=861"}],"version-history":[{"count":93,"href":"https:\/\/dice.masterdesign.se\/unionen\/wp-json\/wp\/v2\/pages\/861\/revisions"}],"predecessor-version":[{"id":9595,"href":"https:\/\/dice.masterdesign.se\/unionen\/wp-json\/wp\/v2\/pages\/861\/revisions\/9595"}],"up":[{"embeddable":true,"href":"https:\/\/dice.masterdesign.se\/unionen\/wp-json\/wp\/v2\/pages\/4"}],"wp:featuredmedia":[{"embeddable":true,"href":"https:\/\/dice.masterdesign.se\/unionen\/wp-json\/wp\/v2\/media\/1877"}],"wp:attachment":[{"href":"https:\/\/dice.masterdesign.se\/unionen\/wp-json\/wp\/v2\/media?parent=861"}],"curies":[{"name":"wp","href":"https:\/\/api.w.org\/{rel}","templated":true}]}}