{"id":1206,"date":"2024-04-15T09:03:33","date_gmt":"2024-04-15T07:03:33","guid":{"rendered":"https:\/\/dice.masterdesign.se\/unionen\/?post_type=product&#038;p=1206"},"modified":"2026-04-30T10:07:23","modified_gmt":"2026-04-30T08:07:23","slug":"godis-minipasar-25-pack","status":"publish","type":"product","link":"https:\/\/dice.masterdesign.se\/unionen\/produkt\/godis-minipasar-25-pack\/","title":{"rendered":"Godis minip\u00e5sar (25 p\u00e5sar)"},"content":{"rendered":"<p><strong>Inneh\u00e5llsf\u00f6rteckning<br \/>\n<\/strong>Ingredienser: glukossirap, socker, 10,0% fruktjuice (\u00e4pple, druva, p\u00e4ron, persika) av fruktjuicekoncentrat, gelatin, syra: citronsyra, f\u00e4rgande livsmedel: svarta vinb\u00e4r, morot, citron, safflor, spirulina; arom, ytbehandlingsmedel(glasering): bivax vitt och gult, karnaubavax.<\/p>\n<p><strong>100 g inneh\u00e5ller i genomsnitt:<br \/>\n<\/strong>Energi 1432 kJ\/337 kcal, Fett 0,1 g, varav m\u00e4ttat fett 0,1 g, Kolhydrat 77 g, varav sockerarter 41 g, Protein 6 g, Salt 0,2 g<\/p>\n","protected":false},"excerpt":{"rendered":"<p>10g Gel\u00e9godis med fruktjuice utan syntetiska f\u00e4rg\u00e4mnen eller palmolja. P\u00e5se tillverkad av komposterbart material<\/p>\n<p>B\u00e4st f\u00f6re 2026-12-08<\/p>\n","protected":false},"featured_media":2435,"template":"","meta":[],"product_brand":[],"product_cat":[97,106],"product_tag":[],"class_list":{"0":"post-1206","1":"product","2":"type-product","3":"status-publish","4":"has-post-thumbnail","6":"product_cat-atbart","7":"product_cat-lagerprodukt","9":"first","10":"instock","11":"taxable","12":"shipping-taxable","13":"purchasable","14":"product-type-simple"},"_links":{"self":[{"href":"https:\/\/dice.masterdesign.se\/unionen\/wp-json\/wp\/v2\/product\/1206","targetHints":{"allow":["GET"]}}],"collection":[{"href":"https:\/\/dice.masterdesign.se\/unionen\/wp-json\/wp\/v2\/product"}],"about":[{"href":"https:\/\/dice.masterdesign.se\/unionen\/wp-json\/wp\/v2\/types\/product"}],"wp:featuredmedia":[{"embeddable":true,"href":"https:\/\/dice.masterdesign.se\/unionen\/wp-json\/wp\/v2\/media\/2435"}],"wp:attachment":[{"href":"https:\/\/dice.masterdesign.se\/unionen\/wp-json\/wp\/v2\/media?parent=1206"}],"wp:term":[{"taxonomy":"product_brand","embeddable":true,"href":"https:\/\/dice.masterdesign.se\/unionen\/wp-json\/wp\/v2\/product_brand?post=1206"},{"taxonomy":"product_cat","embeddable":true,"href":"https:\/\/dice.masterdesign.se\/unionen\/wp-json\/wp\/v2\/product_cat?post=1206"},{"taxonomy":"product_tag","embeddable":true,"href":"https:\/\/dice.masterdesign.se\/unionen\/wp-json\/wp\/v2\/product_tag?post=1206"}],"curies":[{"name":"wp","href":"https:\/\/api.w.org\/{rel}","templated":true}]}}