{"id":4866,"date":"2024-11-07T14:56:50","date_gmt":"2024-11-07T13:56:50","guid":{"rendered":"https:\/\/dice.masterdesign.se\/unionen\/?post_type=product&#038;p=4866"},"modified":"2026-04-28T01:18:37","modified_gmt":"2026-04-27T23:18:37","slug":"lunchlada","status":"publish","type":"product","link":"https:\/\/dice.masterdesign.se\/unionen\/produkt\/lunchlada\/","title":{"rendered":"Lunchl\u00e5da"},"content":{"rendered":"","protected":false},"excerpt":{"rendered":"<p>Lunchl\u00e5da av \u00e5tervunnen polypropen med luftt\u00e4tt lock, silikonventil och tv\u00e5 sidosp\u00e4nnen. Kapacitet: 800 ml.<\/p>\n","protected":false},"featured_media":4927,"template":"","meta":[],"product_brand":[],"product_cat":[106,108,36],"product_tag":[],"class_list":{"0":"post-4866","1":"product","2":"type-product","3":"status-publish","4":"has-post-thumbnail","6":"product_cat-lagerprodukt","7":"product_cat-lagervaror","8":"product_cat-produkter","10":"first","11":"instock","12":"taxable","13":"shipping-taxable","14":"purchasable","15":"product-type-simple"},"_links":{"self":[{"href":"https:\/\/dice.masterdesign.se\/unionen\/wp-json\/wp\/v2\/product\/4866","targetHints":{"allow":["GET"]}}],"collection":[{"href":"https:\/\/dice.masterdesign.se\/unionen\/wp-json\/wp\/v2\/product"}],"about":[{"href":"https:\/\/dice.masterdesign.se\/unionen\/wp-json\/wp\/v2\/types\/product"}],"wp:featuredmedia":[{"embeddable":true,"href":"https:\/\/dice.masterdesign.se\/unionen\/wp-json\/wp\/v2\/media\/4927"}],"wp:attachment":[{"href":"https:\/\/dice.masterdesign.se\/unionen\/wp-json\/wp\/v2\/media?parent=4866"}],"wp:term":[{"taxonomy":"product_brand","embeddable":true,"href":"https:\/\/dice.masterdesign.se\/unionen\/wp-json\/wp\/v2\/product_brand?post=4866"},{"taxonomy":"product_cat","embeddable":true,"href":"https:\/\/dice.masterdesign.se\/unionen\/wp-json\/wp\/v2\/product_cat?post=4866"},{"taxonomy":"product_tag","embeddable":true,"href":"https:\/\/dice.masterdesign.se\/unionen\/wp-json\/wp\/v2\/product_tag?post=4866"}],"curies":[{"name":"wp","href":"https:\/\/api.w.org\/{rel}","templated":true}]}}