{"id":5059,"date":"2024-11-21T14:47:42","date_gmt":"2024-11-21T13:47:42","guid":{"rendered":"https:\/\/dice.masterdesign.se\/unionen\/?post_type=product&#038;p=5059"},"modified":"2026-04-30T10:07:22","modified_gmt":"2026-04-30T08:07:22","slug":"lappcerat","status":"publish","type":"product","link":"https:\/\/dice.masterdesign.se\/unionen\/produkt\/lappcerat\/","title":{"rendered":"L\u00e4ppcerat"},"content":{"rendered":"","protected":false},"excerpt":{"rendered":"<p>L\u00e4ppbalsam med vaniljsmak f\u00f6r att h\u00e5lla l\u00e4pparna fuktiga och skyddade mot yttre p\u00e5frestningar. Inneh\u00e5ller ej solskyddsfaktor.<\/p>\n","protected":false},"featured_media":5106,"template":"","meta":[],"product_brand":[],"product_cat":[106,108,36],"product_tag":[],"class_list":{"0":"post-5059","1":"product","2":"type-product","3":"status-publish","4":"has-post-thumbnail","6":"product_cat-lagerprodukt","7":"product_cat-lagervaror","8":"product_cat-produkter","10":"first","11":"instock","12":"taxable","13":"shipping-taxable","14":"purchasable","15":"product-type-simple"},"_links":{"self":[{"href":"https:\/\/dice.masterdesign.se\/unionen\/wp-json\/wp\/v2\/product\/5059","targetHints":{"allow":["GET"]}}],"collection":[{"href":"https:\/\/dice.masterdesign.se\/unionen\/wp-json\/wp\/v2\/product"}],"about":[{"href":"https:\/\/dice.masterdesign.se\/unionen\/wp-json\/wp\/v2\/types\/product"}],"wp:featuredmedia":[{"embeddable":true,"href":"https:\/\/dice.masterdesign.se\/unionen\/wp-json\/wp\/v2\/media\/5106"}],"wp:attachment":[{"href":"https:\/\/dice.masterdesign.se\/unionen\/wp-json\/wp\/v2\/media?parent=5059"}],"wp:term":[{"taxonomy":"product_brand","embeddable":true,"href":"https:\/\/dice.masterdesign.se\/unionen\/wp-json\/wp\/v2\/product_brand?post=5059"},{"taxonomy":"product_cat","embeddable":true,"href":"https:\/\/dice.masterdesign.se\/unionen\/wp-json\/wp\/v2\/product_cat?post=5059"},{"taxonomy":"product_tag","embeddable":true,"href":"https:\/\/dice.masterdesign.se\/unionen\/wp-json\/wp\/v2\/product_tag?post=5059"}],"curies":[{"name":"wp","href":"https:\/\/api.w.org\/{rel}","templated":true}]}}

Läppcerat

<p>Läppbalsam med vaniljsmak för att hålla läpparna fuktiga och skyddade mot yttre påfrestningar. Innehåller ej solskyddsfaktor.</p>
