{"id":7294,"date":"2025-04-08T08:58:03","date_gmt":"2025-04-08T06:58:03","guid":{"rendered":"https:\/\/dice.masterdesign.se\/unionen\/?post_type=product&#038;p=7294"},"modified":"2026-05-01T09:24:00","modified_gmt":"2026-05-01T07:24:00","slug":"taltvagg-unionengron-2","status":"publish","type":"product","link":"https:\/\/dice.masterdesign.se\/unionen\/produkt\/taltvagg-unionengron-2\/","title":{"rendered":"T\u00e4ltv\u00e4gg, Unionengr\u00f6n"},"content":{"rendered":"","protected":false},"excerpt":{"rendered":"<p>T\u00e4ltv\u00e4ggar kan best\u00e4llas med enkelsidigt tryck eller dubbelsidigt. V\u00e4ljer ni enkelsidigt tryck kan ni v\u00e4lja att montera v\u00e4ggen s\u00e5 trycket syns antingen inifr\u00e5n t\u00e4ltet eller utifr\u00e5n.<\/p>\n<p><a href=\"https:\/\/dice.masterdesign.se\/unionen\/wp-content\/uploads\/sites\/254\/2025\/04\/Produktblad_Event-Tent-1.pdf\" target=\"_blank\" rel=\"noopener\">Produktblad med information<\/a><\/p>\n<p style=\"color: #17a624;\">Det h\u00e4r \u00e4r en produkt som produceras efter best\u00e4llning vilket leder till en l\u00e4ngre leveranstid, ca tre veckor.<\/p>\n<p>&nbsp;<\/p>\n","protected":false},"featured_media":7316,"template":"","meta":[],"product_brand":[],"product_cat":[101,152,143,46],"product_tag":[],"class_list":{"0":"post-7294","1":"product","2":"type-product","3":"status-publish","4":"has-post-thumbnail","6":"product_cat-display","7":"product_cat-eventtallt","8":"product_cat-eventtalltpride","9":"product_cat-pride","10":"product_shipping_class-od-manuell","12":"first","13":"onbackorder","14":"taxable","15":"shipping-taxable","16":"purchasable","17":"product-type-variable"},"_links":{"self":[{"href":"https:\/\/dice.masterdesign.se\/unionen\/wp-json\/wp\/v2\/product\/7294","targetHints":{"allow":["GET"]}}],"collection":[{"href":"https:\/\/dice.masterdesign.se\/unionen\/wp-json\/wp\/v2\/product"}],"about":[{"href":"https:\/\/dice.masterdesign.se\/unionen\/wp-json\/wp\/v2\/types\/product"}],"wp:featuredmedia":[{"embeddable":true,"href":"https:\/\/dice.masterdesign.se\/unionen\/wp-json\/wp\/v2\/media\/7316"}],"wp:attachment":[{"href":"https:\/\/dice.masterdesign.se\/unionen\/wp-json\/wp\/v2\/media?parent=7294"}],"wp:term":[{"taxonomy":"product_brand","embeddable":true,"href":"https:\/\/dice.masterdesign.se\/unionen\/wp-json\/wp\/v2\/product_brand?post=7294"},{"taxonomy":"product_cat","embeddable":true,"href":"https:\/\/dice.masterdesign.se\/unionen\/wp-json\/wp\/v2\/product_cat?post=7294"},{"taxonomy":"product_tag","embeddable":true,"href":"https:\/\/dice.masterdesign.se\/unionen\/wp-json\/wp\/v2\/product_tag?post=7294"}],"curies":[{"name":"wp","href":"https:\/\/api.w.org\/{rel}","templated":true}]}}