{"id":9753,"date":"2026-04-10T11:01:47","date_gmt":"2026-04-10T09:01:47","guid":{"rendered":"https:\/\/dice.masterdesign.se\/unionen\/?post_type=product&#038;p=9753"},"modified":"2026-05-01T09:22:18","modified_gmt":"2026-05-01T07:22:18","slug":"scarf","status":"publish","type":"product","link":"https:\/\/dice.masterdesign.se\/unionen\/produkt\/scarf\/","title":{"rendered":"Scarf"},"content":{"rendered":"","protected":false},"excerpt":{"rendered":"<p>Dubbelsidig scarf i sidensatin. Sm\u00e5m\u00f6nstrad p\u00e5 den ena sidan och enf\u00e4rgad p\u00e5 den andra. Avl\u00e5ng, 15x2x150 cm<\/p>\n","protected":false},"featured_media":9765,"template":"","meta":[],"product_brand":[],"product_cat":[198,73],"product_tag":[],"class_list":{"0":"post-9753","1":"product","2":"type-product","3":"status-publish","4":"has-post-thumbnail","6":"product_cat-accessoarer","7":"product_cat-bestallningssortiment","9":"first","10":"instock","11":"taxable","12":"shipping-taxable","13":"purchasable","14":"product-type-simple"},"_links":{"self":[{"href":"https:\/\/dice.masterdesign.se\/unionen\/wp-json\/wp\/v2\/product\/9753","targetHints":{"allow":["GET"]}}],"collection":[{"href":"https:\/\/dice.masterdesign.se\/unionen\/wp-json\/wp\/v2\/product"}],"about":[{"href":"https:\/\/dice.masterdesign.se\/unionen\/wp-json\/wp\/v2\/types\/product"}],"wp:featuredmedia":[{"embeddable":true,"href":"https:\/\/dice.masterdesign.se\/unionen\/wp-json\/wp\/v2\/media\/9765"}],"wp:attachment":[{"href":"https:\/\/dice.masterdesign.se\/unionen\/wp-json\/wp\/v2\/media?parent=9753"}],"wp:term":[{"taxonomy":"product_brand","embeddable":true,"href":"https:\/\/dice.masterdesign.se\/unionen\/wp-json\/wp\/v2\/product_brand?post=9753"},{"taxonomy":"product_cat","embeddable":true,"href":"https:\/\/dice.masterdesign.se\/unionen\/wp-json\/wp\/v2\/product_cat?post=9753"},{"taxonomy":"product_tag","embeddable":true,"href":"https:\/\/dice.masterdesign.se\/unionen\/wp-json\/wp\/v2\/product_tag?post=9753"}],"curies":[{"name":"wp","href":"https:\/\/api.w.org\/{rel}","templated":true}]}}